False
Let i(r) = -4*r. Let s be i(-1). Suppose 2*a - s - 82 = 0. Suppose 3*b - 47 = a. Is 15 a factor of b?
True
Let i be -1 + 0 + 6/3. Suppose 0*h - 3*w - i = -2*h, 4*w + 4 = 3*h. Is h a multiple of 8?
True
Suppose c - 13 = 17. Does 9 divide c?
False
Let u be 5*(-1 - 2)/(-3). Suppose 0 = -0*i + u*i + 5, -r - 3 = 3*i. Suppose 0 = -2*d - r*x + 3*x + 17, -2*d = -4*x - 16. Does 4 divide d?
False
Let r = -125 + 60. Is (4 - r/(-2))*-2 a multiple of 19?
True
Suppose 2*v + 0*r = 3*r + 59, 3*v - 87 = 4*r. Let o = 150 + -147. Is 12 a factor of v - (o + -1 - 1)?
True
Let h be 169 + (-4)/(0 - -4). Suppose x = -3*x + h. Is x a multiple of 14?
True
Suppose -16 = v - 0*v. Let h = -8 - v. Suppose -f + 15 = -4*l - h, 0 = 4*l - 16. Does 18 divide f?
False
Suppose -3*p + 0 - 6 = 0, 5*p = t - 12. Let d be (1/t)/(1/(-18)). Let b(o) = -o**2 - 9*o + 5. Is 2 a factor of b(d)?
False
Suppose -3 = 4*d - 19. Suppose -g = d*b - 27 + 8, 4*b = -2*g + 30. Is g a multiple of 3?
False
Let a = -6 + 8. Let c(n) = 3*n + 2. Let d be c(a). Let g = d - -6. Is g a multiple of 6?
False
Let t be (-3)/(-9) + (-17)/(-3). Let b be (t/(-10))/(4/(-20)). Does 12 divide 47 - (-1 - (b + -6))?
False
Let m(y) = y**2 + y - 8. Is m(-7) a multiple of 17?
True
Let o = 24 + -16. Does 4 divide o?
True
Let l(y) = 9*y**3 - y**2 + 1. Let d be l(1). Let u = -7 + d. Let v = 5 + u. Is v a multiple of 3?
False
Suppose 2*s + 3*s - 15 = 4*m, 3*s - 9 = 5*m. Suppose 4*l + m + 20 = 0, 2*j - 3*l = 11. Does 6 divide 13 - (2 + (j - -1))?
True
Let l = 34 + -19. Does 3 divide l?
True
Let n = 14 - 10. Let v = -66 + 66. Suppose v*r + 4*r = n, 0 = 5*o + r - 71. Is o a multiple of 14?
True
Let y be (-35)/15 - 2/(-6). Is (-16)/(y*1/2) a multiple of 8?
True
Does 8 divide 2/(8/(-4)) + 21?
False
Let l(v) = -v + 3. Let z be l(-3). Suppose -g + 4*m + z = -6, -m + 49 = 3*g. Is g a multiple of 8?
True
Suppose 3*u = -4*t + 169, -5*u + 195 = -5*t - 75. Does 11 divide u?
True
Suppose -4*b + 16 = -16. Is b a multiple of 8?
True
Suppose -2*j - 20 - 8 = -4*g, -5*g + 26 = -j. Let t = 11 + j. Does 4 divide t?
False
Suppose 4*f - 5*j + 10 = 36, -3*f = 2*j - 31. Is f a multiple of 2?
False
Suppose -2*r - 56 = -8. Is (-78)/(-8) + (-6)/r a multiple of 5?
True
Suppose 4*n - 2*n - 16 = 0. Is 3 a factor of n?
False
Let f(r) be the third derivative of r**6/120 - r**5/5 + r**4/2 + r**3 + 2*r**2. Is 9 a factor of f(11)?
False
Let t(k) = -10*k + 5. Let f(i) = -2*i + 8. Let r be f(6). Is t(r) a multiple of 28?
False
Suppose 0*i + 356 = 4*i + p, -4*i - 4*p + 356 = 0. Does 13 divide i?
False
Suppose -3*s + 183 = 5*y - 0*y, 3*y - 109 = -s. Is 12 a factor of y?
True
Let m = -123 + 179. Does 14 divide m?
True
Let x(d) = d**2 + 3*d - 2. Let v be 3 + 2/4*2. Is x(v) a multiple of 11?
False
Suppose -m + 6*m = -2*c + 38, -2*c - 3*m = -30. Let r = c - -13. Does 21 divide r?
False
Suppose -g + 57 = 27. Does 17 divide g?
False
Let m be (-2 + (-30)/(-9))*3. Suppose 196 = 8*a - m*a. Is a a multiple of 25?
False
Let o = 12 + -7. Let j(v) = -v**3 - 3*v**2 + 7*v + 3. Let a be j(-5). Suppose -2*s - n + 2*n = -2, -4*n = o*s - a. Does 2 divide s?
True
Let l be 20/6*(-72)/(-20). Let a = l + 30. Suppose -4*s = -a + 2. Is s a multiple of 5?
True
Suppose 0*o + 46 = -o - 2*d, 0 = 4*o + 4*d + 172. Let t be 5/10 + 78/(-4). Let n = t - o. Is n a multiple of 13?
False
Let z(r) = 21*r - 19*r + 31*r. Is 18 a factor of z(1)?
False
Is 7 a factor of 1*(30 + -1 - 3)?
False
Suppose -2*a + 3*a = -3, 0 = -4*i + 4*a + 144. Suppose -3*w = -33 - i. Is w a multiple of 9?
False
Let m be 70/15*(9 - 0). Suppose 0*v + m = 2*v. Is 8 a factor of v?
False
Suppose -u + 4*q - 1 = -4*u, -4*u + 10 = q. Suppose u*j = 5*p - 77, 3*p + 3*j = -j + 52. Is p a multiple of 11?
False
Let a be 3/3*2 - -1. Suppose -16 = -a*w + 2*w. Is w a multiple of 16?
True
Let x = 5 - -5. Is x even?
True
Suppose r - 4*r + 3*f = 36, -2*f = 4*r + 42. Let w(x) = -x**3 - 10*x**2 + 10*x + 3. Does 7 divide w(r)?
True
Let a be (1 + -4)*(-266)/21. Let h be (2/4)/(1/10). Suppose 0 = -2*u + 2*s + a, -2 = -u + h*s - 3. Is 12 a factor of u?
True
Suppose 4 = -v + 3. Let x = v + 1. Is (2 - -27) + (x - 3) a multiple of 13?
True
Let k be 0/(-2 + 0/(-2)). Suppose -4*j + 97 + 83 = k. Is 15 a factor of j?
True
Suppose 4*h - 51 - 25 = 0. Let l = h + -2. Does 17 divide l?
True
Is 3 a factor of 36/8 + 3/(-2)?
True
Let a = 180 + -171. Does 9 divide a?
True
Suppose -2*j - j = 0. Suppose j = 3*o - 5*x - 44, -4*x - 20 = x. Is 6 a factor of o?
False
Let b = 15 + -5. Suppose -4*p = -5*m + p - b, 3*m = -5*p + 18. Is 7 a factor of (2 - 0)/(m/7)?
True
Is 21 a factor of (294/(-35))/((-4)/10)?
True
Let k = -53 - -89. Does 12 divide k?
True
Suppose 6*d - 3*d - 285 = 0. Is 19 a factor of d?
True
Let q(k) = -2*k + 9. Let r be q(7). Let l = -3 - r. Suppose -o - 7 = -l*o. Does 5 divide o?
False
Let w(o) be the first derivative of 15*o**4/2 - o**3/3 + o**2/2 - o + 2. Let n be w(1). Suppose 2*u - 47 = n. Does 15 divide u?
False
Suppose -384 = -4*h - 0*h. Is h a multiple of 22?
False
Let k(v) = -v**2 + 8*v - 5. Let r be k(7). Suppose 135 = 7*d - r*d. Does 14 divide d?
False
Suppose 0*b - 133 = -2*c - 5*b, b = c - 77. Is c a multiple of 23?
False
Let w be ((-12)/(-8))/(2/4). Suppose -3*i = f + i - 43, -3*f + 93 = w*i. Is f a multiple of 27?
True
Let s = 3 - -4. Is 3 a factor of s - -4 - 4/2?
True
Let c = 9 - -34. Is 28 a factor of c?
False
Suppose -3*w + 1 = 10. Let n be (w + 2)*(-24)/3. Let m = 47 - n. Is 15 a factor of m?
False
Let f(w) = w**2. Let k be f(3). Let v be 2/3 + (-6)/k. Suppose v = -4*d + 101 - 5. Is 16 a factor of d?
False
Suppose 5*a = 3*x + 3*a - 42, 4*x - 52 = 4*a. Let u be (x/(-10))/((-6)/15). Suppose u*p - 55 = -15. Does 5 divide p?
True
Let r be 726/(-15) + (-2)/(-5). Let x = r + 86. Suppose 10 + x = 2*v. Is 12 a factor of v?
True
Let r(h) = 10*h. Let y be -8*1 - (-4 + 2). Let o be (1/(-2))/(y/36). Is 10 a factor of r(o)?
True
Let p = 149 - 71. Is p a multiple of 26?
True
Let c(k) = 4*k + 11 + 0*k**3 - 6 + k**3 - 5*k**2. Let l be c(4). Suppose -g - 46 = -l*m, -m - 2 = -0*m - 3*g. Does 10 divide m?
True
Is (-7 - 2)*29/(-3) a multiple of 39?
False
Let o(j) = -j**2 + 17*j - 10. Let x be o(7). Suppose 0 = 6*a - 2*a - x. Is a a multiple of 13?
False
Suppose 0*u - 33 = 3*u. Let l = u + 43. Does 16 divide l?
True
Let p(l) = l**3 - 9*l**2 - 5*l - 11. Is p(10) a multiple of 13?
True
Let q be (-1)/(-5) - 2/10. Suppose -d + 2 = r, 4*d + 4 = -q*d. Suppose r*c - 19 = 62. Does 23 divide c?
False
Let g(t) = 33*t**2 - 5*t + 7. Is g(-3) a multiple of 29?
True
Let y(g) = 10*g + 6. Is 31 a factor of y(18)?
True
Let g(q) = -q**2 + 7*q + 10. Let v(l) = 3*l - 7. Let x be v(5). Let d be g(x). Suppose -2*r + 2*m = -2*m - 124, -2*r + d*m + 116 = 0. Is 20 a factor of r?
False
Let z = -4 - -4. Let g be 0 + z + 44 + 5. Suppose 3*s = 8 + g. Does 10 divide s?
False
Let i(o) = 3*o**2 + 2*o - 1 - 3*o**2 + o**3 + 3*o**2 - 6*o. Let g be i(-4). Let m(b) = -17*b - 1. Is m(g) a multiple of 8?
True
Let d(m) = 2*m + 9. Let c be d(8). Suppose -5*y - 23 = -b + 4, -4*y = -b + c. Is 8 a factor of b?
False
Suppose 0*s + 6 = 2*s - z, -2*s = -2*z - 8. Is 3/((-3)/s) - -77 a multiple of 25?
True
Suppose u + 90 = -4*u. Suppose -k - 15 = f, 3*f + 2 = 2*k + 7. Let g = k - u. Is 8 a factor of g?
True
Suppose 0 = 5*u - 2*t - 18, 2*t + 1 - 3 = 0. Suppose -u*v + 16 = -12. Is v a multiple of 3?
False
Let f(d) = 24*d - 1. Let v be f(-1). Let y = v + 49. Does 12 divide y?
True
Let n = 55 + -15. Is 10 a factor of n?
True
Suppose 0 = 3*k - k + 8, 2*w - 102 = -3*k. Does 19 divide w?
True
Suppose 33 = 3*g - 0*g - 3*c, 2*c = 4*g - 50. Does 14 divide g?
True
Let m be ((-396)/(-77))/((-2)/35). Let k = 152 + m. Is 18 a factor of k?
False
Suppose 64 + 128 = 4*v. Does 12 divide v?
True
Let j(w) = 42*w**3 - 6*w**2 + 5*w + 7. Let i(p) = 41*p**3 - 5*p**2 + 4*p + 6. Let s(f) = 6*i(f) - 5*j(f). Does 12 divide s(1)?
True
Suppose 3*c = -4*l - 2, -2*c - 32 = -4*l - l. Let a = 14 - c. Does 10 divide a?
True
Let c(u) = -2*u**3 - 11*u**2 - 21*u - 12. Is c(-6) a multiple of 15?
True
Let a(h) = 2*h**2 - 4*h - 7. Is a(5) a multiple of 8?
False
Suppose i + 267 = -0*k + 3*k, 2*k = 4*i + 168. Does 18 divide k?
True
Suppose -y - 4*y = -20. Suppose 3*q = -2*r - 49, 3*r - 12 = y*r - q. Let a = r - -38. Is a a multiple of 7?
Tru